{"id":4587,"date":"2018-07-10T14:17:37","date_gmt":"2018-07-10T17:17:37","guid":{"rendered":"http:\/\/localhost\/portal_\/?page_id=4587"},"modified":"2018-07-30T15:51:46","modified_gmt":"2018-07-30T18:51:46","slug":"quem-somos","status":"publish","type":"page","link":"https:\/\/portalimobiliaria.net.br\/index.php\/quem-somos\/","title":{"rendered":"Quem Somos"},"content":{"rendered":"<div style=\"color: #4D4D4D; text-align: justify; font-size: 17px;\">\nA Portal Imobili\u00e1ria foi fundada em 2000 inicialmente chamando-se \u201cEscrit\u00f3rio Imobili\u00e1rio Josu\u00e9 Rodrigues\u201d, com o nome de seu fundador na fachada.O primeiro endere\u00e7o da empresa foi no Parque das Dunas, conjunto da Zona Norte de Natal\/RN, em um ponto comercial anexado a sua resid\u00eancia. L\u00e1 Josu\u00e9 Rodrigues fechou seus primeiros neg\u00f3cios vendendo im\u00f3veis usados constru\u00eddas pela Caixa Econ\u00f4mica Federal para empres\u00e1rios que queriam investir em im\u00f3veis para loca\u00e7\u00e3o e para pessoas que buscavam realizar o sonho de ter a casa pr\u00f3pria. Em seguida come\u00e7ou a oferecer o servi\u00e7o de administra\u00e7\u00e3o destes mesmos im\u00f3veis vendidos a empres\u00e1rios da regi\u00e3o.<br \/>\n&nbsp;<br \/>\nCom o aumento da demanda o fundador viu a necessidade de mais uma pessoa para ajud\u00e1-lo. Ent\u00e3o, em 2001, Laug\u00e9cia Maria, sua esposa, deixou a carreira de 12 anos no ramo hoteleiro para ser s\u00f3cia da imobili\u00e1ria.<br \/>\n&nbsp;<br \/>\nEm 10 de dezembro de 2002 a empresa ganhou novo endere\u00e7o, Av. Moema Tinoco da Cunha Lima, onde se localiza at\u00e9 hoje, em ponto pr\u00f3prio desde 2008.<br \/>\n&nbsp;<br \/>\nA confian\u00e7a do mercado cresceu a ponto do fundador receber, em 2006, o pr\u00eamio de \u201cCorretor do ano\u201d, fruto do reconhecimento do servi\u00e7o prestado e credibilidade conquistada junto aos clientes.<br \/>\n&nbsp;<br \/>\nO \u00faltimo grande passo da empresa foi em 2018 quando fechou sua primeira parceria com uma construtora para a venda de apartamentos novos.<br \/>\n&nbsp;<br \/>\nA Portal Imobili\u00e1ria segue crescendo, mudando e comprometida em melhor atender seus clientes prestando servi\u00e7os de qualidade e com total transpar\u00eancia e responsabilidade.\n<\/div>\n<p>&nbsp;<br \/>\n&nbsp;<br \/>\n&nbsp;<br \/>\n&nbsp;<\/p>\n","protected":false},"excerpt":{"rendered":"<p>A Portal Imobili\u00e1ria foi fundada em 2000 inicialmente chamando-se \u201cEscrit\u00f3rio Imobili\u00e1rio Josu\u00e9 Rodrigues\u201d, com o nome de seu fundador na fachada.O primeiro endere\u00e7o da empresa foi no Parque das Dunas, conjunto da Zona Norte de Natal\/RN, em um ponto comercial anexado a sua resid\u00eancia. L\u00e1 Josu\u00e9 Rodrigues fechou seus primeiros neg\u00f3cios vendendo im\u00f3veis usados constru\u00eddas&#8230;<\/p>\n","protected":false},"author":1,"featured_media":0,"parent":0,"menu_order":0,"comment_status":"closed","ping_status":"closed","template":"","meta":{"_exactmetrics_skip_tracking":false,"_exactmetrics_sitenote_active":false,"_exactmetrics_sitenote_note":"","_exactmetrics_sitenote_category":0,"ngg_post_thumbnail":0,"footnotes":""},"class_list":["post-4587","page","type-page","status-publish","hentry"],"_links":{"self":[{"href":"https:\/\/portalimobiliaria.net.br\/index.php\/wp-json\/wp\/v2\/pages\/4587"}],"collection":[{"href":"https:\/\/portalimobiliaria.net.br\/index.php\/wp-json\/wp\/v2\/pages"}],"about":[{"href":"https:\/\/portalimobiliaria.net.br\/index.php\/wp-json\/wp\/v2\/types\/page"}],"author":[{"embeddable":true,"href":"https:\/\/portalimobiliaria.net.br\/index.php\/wp-json\/wp\/v2\/users\/1"}],"replies":[{"embeddable":true,"href":"https:\/\/portalimobiliaria.net.br\/index.php\/wp-json\/wp\/v2\/comments?post=4587"}],"version-history":[{"count":11,"href":"https:\/\/portalimobiliaria.net.br\/index.php\/wp-json\/wp\/v2\/pages\/4587\/revisions"}],"predecessor-version":[{"id":6484,"href":"https:\/\/portalimobiliaria.net.br\/index.php\/wp-json\/wp\/v2\/pages\/4587\/revisions\/6484"}],"wp:attachment":[{"href":"https:\/\/portalimobiliaria.net.br\/index.php\/wp-json\/wp\/v2\/media?parent=4587"}],"curies":[{"name":"wp","href":"https:\/\/api.w.org\/{rel}","templated":true}]}}